atest common factor of 240529 and 31.
31
What is the highest common factor of 822 and 70829?
137
What is the greatest common divisor of 15426721 and 23?
23
Calculate the greatest common divisor of 24 and 8886.
6
What is the greatest common factor of 2214 and 130257?
369
Calculate the greatest common factor of 344 and 1027528.
344
Calculate the highest common divisor of 163 and 828203.
163
Calculate the greatest common factor of 1540 and 18340.
140
What is the highest common divisor of 15108 and 36?
12
What is the highest common divisor of 75 and 4325?
25
Calculate the highest common factor of 256770 and 2835.
405
What is the highest common divisor of 21960 and 139324?
244
What is the greatest common divisor of 6000 and 12450?
150
Calculate the greatest common factor of 254751 and 21.
21
Calculate the greatest common divisor of 241325 and 2975.
175
Calculate the greatest common divisor of 1210 and 251559.
121
What is the greatest common factor of 21651 and 49?
7
Calculate the greatest common factor of 2829 and 615.
123
Calculate the greatest common divisor of 120 and 201.
3
What is the greatest common factor of 4264 and 201448?
104
What is the greatest common divisor of 119 and 1397417?
119
Calculate the greatest common factor of 38656 and 8607.
151
What is the greatest common divisor of 190384 and 1956?
652
Calculate the greatest common divisor of 1946 and 280.
14
What is the greatest common divisor of 7939 and 4203?
467
Calculate the highest common factor of 26500 and 29500.
500
Calculate the highest common factor of 615 and 169330.
205
Calculate the greatest common factor of 770 and 195195.
385
Calculate the highest common divisor of 19 and 63289.
19
Calculate the greatest common factor of 8991 and 2109.
111
Calculate the highest common factor of 101296 and 13149.
487
Calculate the greatest common divisor of 28864 and 968.
88
Calculate the greatest common factor of 353221 and 394.
197
What is the highest common divisor of 13 and 173?
1
Calculate the greatest common divisor of 34247 and 552.
23
Calculate the greatest common divisor of 4553 and 29.
29
Calculate the greatest common factor of 10 and 222690.
10
Calculate the greatest common factor of 302440 and 40.
40
Calculate the greatest common divisor of 106150 and 275.
275
What is the highest common divisor of 15826 and 60602?
386
Calculate the greatest common factor of 38 and 446861.
19
What is the greatest common divisor of 34884 and 34?
34
Calculate the highest common factor of 476 and 11305.
119
Calculate the highest common divisor of 62682 and 3534.
186
What is the greatest common factor of 59082 and 516?
258
Calculate the greatest common factor of 500 and 96625.
125
What is the highest common factor of 5 and 22985?
5
What is the highest common factor of 1863 and 51474?
69
What is the highest common factor of 297236 and 190?
38
Calculate the highest common divisor of 11 and 182919.
11
Calculate the highest common factor of 8676 and 150.
6
Calculate the highest common divisor of 370 and 115.
5
What is the greatest common divisor of 5157 and 999?
27
What is the greatest common divisor of 23 and 32821?
23
Calculate the greatest common divisor of 5352 and 672.
24
What is the greatest common divisor of 200 and 33080?
40
Calculate the highest common divisor of 824 and 17819.
103
What is the highest common factor of 2644081 and 11?
11
What is the greatest common divisor of 132120 and 4680?
360
What is the greatest common factor of 25623 and 8073?
351
What is the highest common divisor of 72 and 694128?
24
What is the highest common divisor of 2970 and 320?
10
Calculate the highest common divisor of 56 and 387548.
28
What is the greatest common divisor of 361204 and 2920?
292
Calculate the greatest common factor of 300111 and 62.
31
Calculate the highest common factor of 168 and 476.
28
What is the greatest common factor of 23288 and 2624?
328
What is the greatest common divisor of 120 and 46392?
24
Calculate the greatest common divisor of 6372 and 5184.
108
What is the highest common divisor of 64480 and 7904?
416
What is the greatest common divisor of 5454 and 1674?
54
Calculate the highest common divisor of 6245159 and 433.
433
What is the highest common factor of 69 and 19941?
69
Calculate the highest common divisor of 208039 and 676.
169
What is the greatest common factor of 952 and 5831?
119
Calculate the highest common divisor of 58 and 7136958.
58
Calculate the greatest common factor of 69 and 219489.
69
Calculate the highest common divisor of 263 and 186467.
263
What is the greatest common divisor of 3161 and 7739?
109
What is the highest common factor of 7914 and 687?
3
What is the highest common factor of 17055 and 1516?
379
Calculate the greatest common divisor of 3953 and 13452.
59
What is the greatest common divisor of 2218 and 1567017?
1109
What is the greatest common factor of 101 and 129179?
101
What is the highest common divisor of 2561 and 26?
13
Calculate the highest common factor of 29533 and 182.
7
What is the greatest common divisor of 1036278 and 54?
18
What is the highest common divisor of 68 and 119578?
34
What is the highest common factor of 105252 and 80556?
588
What is the greatest common divisor of 7 and 9807?
7
What is the greatest common divisor of 9440 and 13040?
80
What is the highest common factor of 1810 and 923824?
362
Calculate the greatest common divisor of 167972 and 196.
196
Calculate the highest common factor of 104 and 2176.
8
What is the greatest common divisor of 3000 and 225?
75
What is the greatest common divisor of 2135 and 805?
35
What is the highest common divisor of 559 and 104?
13
What is the highest common factor of 248 and 8192?
8
Calculate the highest common factor of 3276 and 78372.
252
What is the highest common divisor of 540 and 4470?
30
What is the greatest common divisor of 2369 and 8343?
103
What is the highest common factor of 4187 and 18338?
53
Calculate the highest common factor of 699 and 82715.
233
Calculate the highest common factor of 636 and 1344.
12
Calculate the highest common divisor of 560 and 61840.
80
Calculate the highest common factor of 459 and 663.
51
What is the greatest common divisor of 9288 and 384?
24
What is the highest common divisor of 796 and 64874?
398
Calculate the greatest common divisor of 132 and 158961.
33
What is the greatest common divisor of 18224220 and 12?
12
Calculate the highest common divisor of 564 and 61194.
282
Calculate the highest common divisor of 83361 and 37.
37
Calculate the greatest common divisor of 18 and 34317.
9
Calculate the highest common divisor of 324 and 189216.
324
What is the highest common divisor of 8232 and 2016?
168
What is the highest common divisor of 1868 and 527243?
467
Calculate the highest common factor of 12112760 and 440.
440
What is the highest common divisor of 29052 and 756?
108
Calculate the highest common divisor of 2664 and 1596328.
296
What is the highest common factor of 954 and 203255?
53
Calculate the highest common divisor of 24345 and 10.
5
Calculate the highest common factor of 19370 and 195.
65
What is the highest common factor of 6593 and 11104?
347
What is the greatest common factor of 234 and 1586?
26
What is the highest common divisor of 182 and 298004?
14
What is the greatest common factor of 35734 and 136?
34
Calculate the highest common divisor of 16326 and 954.
18
Calculate the greatest common divisor of 141312 and 1242.
138
What is the greatest common factor of 110 and 7190?
10
What is the highest common factor of 374462 and 99?
11
What is the greatest common divisor of 25968 and 300?
12
What is the highest common factor of 175 and 4559275?
175
What is the highest common factor of 202344 and 176?
8
What is the highest common factor of 4026 and 16148?
22
What is the highest common divisor of 8 and 5116?
4
What is the highest common divisor of 1738072 and 56?
56
Calculate the highest common factor of 763367 and 319.
319
What is the highest common divisor of 2483 and 1027?
13
Calculate the highest common divisor of 1040 and 51168.
208
What is the highest common factor of 3837073 and 487?
487
What is the greatest common divisor of 2752 and 24848?
16
What is the highest common factor of 588204 and 288?
36
Calculate the greatest common fac